ctors of -1 + 3 - u/2?
11
Let y(f) = -12*f + 3. Let s be y(2). What are the prime factors of 4/(-14) + (-237)/s?
11
Let t be -2 - (2 - (-4)/2). Let h be (-15)/t*4/5. Suppose 0 = l - 2*m - 7, 0 = h*m + 2 - 0. List the prime factors of l.
5
List the prime factors of (5/(-3))/(20/30)*-10.
5
What are the prime factors of 3*(-2)/9*-75?
2, 5
Suppose 4*u - 8 = 2*l, 2*l - 3*u = l - 3. Let g(q) = q + 11. Let p be g(l). What are the prime factors of 8/20 + 63/p?
13
Let v(y) = y**3 + 7*y**2 - 7*y + 10. Let j be v(-8). Let d be j/4 - (-79)/2. Suppose -2*r + d = 3*r. List the prime factors of r.
2
Let g(z) = -z**3 - 8*z**2 + 5*z - 10. Suppose -33 - 3 = 4*i. What are the prime factors of g(i)?
2, 13
Suppose 2*n - v - 178 = 0, -270 = -n - 2*n + 3*v. List the prime factors of n.
2, 11
Suppose -5*k - 4*s = 6, 4*k - 15 - 9 = 4*s. Let r(u) be the first derivative of -u**3/3 + u**2 + 2*u + 1. What are the prime factors of r(k)?
2
Suppose -3*v + 8 = -v. Suppose -o + 6 - v = 0. Suppose 5*s - l - 66 = 2*l, o*l - 36 = -2*s. What are the prime factors of s?
3, 5
Let n = -1 - -255. List the prime factors of n.
2, 127
Let f be ((-116)/(-3))/((-1)/(-3)). List the prime factors of (f/(-6))/((-4)/6).
29
Let b be -1*(0 - 42)*-1. Let d = -20 - b. List the prime factors of d.
2, 11
Suppose -3*k - 2*k - 22 = -n, -4*n - 3*k - 4 = 0. Suppose 18 = n*o - 10. List the prime factors of o.
2, 7
Suppose -4 = 2*g - d - d, -5*g = 5*d - 30. Suppose -3*k + g = -2*k. Let r = 9 - k. List the prime factors of r.
7
Let r(x) = 2*x - 4. Let g be r(4). Let h be -12*(2/(-3) - 0). Let i = g + h. What are the prime factors of i?
2, 3
Suppose -4*i = -11 - 45. Suppose -4*l = i + 2. Let r = 11 + l. List the prime factors of r.
7
Suppose 4 = 2*p - 0. Suppose -i - 12 = p*i, i + 19 = r. What are the prime factors of r?
3, 5
Suppose 5*v - 277 = 338. What are the prime factors of v?
3, 41
Let s(u) = u**2 - 6*u - 8. Let w be s(8). Suppose -3*f - 75 = -w*f. What are the prime factors of f?
3, 5
Let s(q) = 4*q**3 - q**2 + 12*q - 7. What are the prime factors of s(3)?
2
Let c = -269 - -498. List the prime factors of c.
229
Let a be 30/4*(-36)/27. List the prime factors of (-4)/a - (-2249)/65.
5, 7
Suppose -k - 5*j = -284, 5*j = 2*k - 417 - 91. List the prime factors of k.
2, 3, 11
Let g = -6 + 6. Suppose 5*t = 3*p + 15, -3*t + 14 = 5. Suppose g*s = -5*h + s + 20, p = -h + 3*s + 18. What are the prime factors of h?
3
Let d = -41 + 76. List the prime factors of d.
5, 7
What are the prime factors of ((-24)/(-3))/((-1)/(-6))?
2, 3
Let w(c) = c**3 + 4*c**2 + 4*c + 6. What are the prime factors of w(-2)?
2, 3
Suppose -3*d + 9 = 3*r, -d - 2*r + 3 = -0*d. Suppose -6*m = -d*m - 90. List the prime factors of m.
2, 3, 5
Let u(c) = 14*c - 8. Let l be u(-10). Let y be (l/(-10))/(3/(-225)). What are the prime factors of y/(-66) - 4/(-22)?
17
Suppose 5*x - x - 24 = -2*k, 72 = 5*k + 4*x. What are the prime factors of k?
2
Let y = 0 - -3. Suppose 5 = m - y. Suppose 20 = -3*j + m*j. What are the prime factors of j?
2
Suppose 49 = 3*v + 4*j, 4*v + 0*v + 4*j = 64. Let s(x) = -5*x**2 + 1. Let r be s(-1). Let q = v + r. What are the prime factors of q?
11
Let b(h) = 11*h + h - h**2 - 8*h - 1. Let p be b(2). Suppose 5*x - 3*s = 4, 2*x + p*s - 2*s - 6 = 0. List the prime factors of x.
2
Suppose t - 60 = -2*f, -191 + 69 = -4*f - 3*t. List the prime factors of f.
29
Let m(v) = -10*v**2 + 4*v - 2. Let j be m(2). Let x = j + 49. List the prime factors of x.
3, 5
Let g(b) = b**2 + 3*b - 7. Let c be g(-5). Let x be c/(-2 - 21/(-6)). Suppose -j + 11 = x. List the prime factors of j.
3
List the prime factors of (-51)/(-2) - 1/(-2).
2, 13
Let c be -1 - (13 - 0/(-2)). Let q be 9 + 3/(3 + -4). List the prime factors of c/(-6) - (-4)/q.
3
Suppose 0 = 2*y + y - 6. Suppose -5*t - 6 = y*p - 0*p, -5*t + 5*p = -15. Suppose t = -4*l + 2*f + 44, -2*f - 2 - 16 = -2*l. What are the prime factors of l?
13
Suppose -2*g - 33 = -5*s, -12 = g + 2*g. Suppose -r + 2*r = -q + s, 5*q = 25. List the prime factors of (-1)/((-3)/6 - r).
2
Let a be -2*(-2)/(-2)*-2. Suppose 2 - 14 = -4*x - w, 0 = -4*x + 3*w - a. Suppose -x - 22 = -2*h. What are the prime factors of h?
2, 3
List the prime factors of ((-4)/5 + 2)/(18/1500).
2, 5
Suppose 12 = -3*q - 0*q. Let l be 3/(10/q - -1). Let u = 0 - l. List the prime factors of u.
2
Let m(q) = -2*q + 9. Let c be m(6). Let s(i) = -2*i**3 - 5*i**2 - 4*i - 3. What are the prime factors of s(c)?
2, 3
Let t = -7 + 11. Suppose t*s - 268 = -4*f, -f + 256 = 4*s - 21. Suppose s = 5*a - 3*b, -3*a - 4*b = 2*a - 105. List the prime factors of a.
17
Let y(v) = -v**3 - 7*v**2 + 8*v. Let u be y(-8). Suppose -10 + u = -5*b. Suppose -b*i + 8 = -i. List the prime factors of i.
2
Let i be ((-19)/(-5) - -1)*5. Let u = i - 11. What are the prime factors of u?
13
Suppose -4*t + 7*t = -3. List the prime factors of (2 + 0)/(t/(-3)).
2, 3
Let v = -1 + 5. Let q(p) = p**3 + p**2 - 2*p. Let z be q(-2). Let b = v + z. List the prime factors of b.
2
Suppose 0 = 3*y + w - 5*w + 19, -y - 2*w = -7. Let r = 3 - y. What are the prime factors of (9/r)/((-1)/(-4))?
3
What are the prime factors of 118*(-3)/18*-3?
59
Let m be (-3 + (-32)/(-12))*0. Let f(z) = -z + 1. Let q(i) = i**2 - 4*i + 8. Let v(t) = -5*f(t) + q(t). List the prime factors of v(m).
3
Suppose 5*v + 34 = -3*f, 5*v + 35 = -5*f - 5. List the prime factors of (-4)/(-2) - (v + -1).
2
Let y = 5 - 2. Suppose 5*i = -4*a + 59, -2*i + 3*i + y*a = 3. List the prime factors of i.
3, 5
Let n = -2 - -36. List the prime factors of n.
2, 17
Let g = 140 + -96. List the prime factors of g.
2, 11
Let g(u) = -u**3 - 12*u**2 + 13*u - 14. Let l be g(-13). Let m(s) = -s**3 - 14*s**2 - 3*s + 7. What are the prime factors of m(l)?
7
Let g(q) = q + 9. Let d be g(-9). Suppose b - 10 + 2 = d. List the prime factors of b.
2
Let b be 0/(-8) - 7*-1. Suppose -b*s + 2*s + 50 = 0. List the prime factors of s.
2, 5
Let s(c) = 4*c - 7. Let n be s(5). Let q = n + -3. List the prime factors of q.
2, 5
Suppose -4*g = -2*m - 3*m + 58, 0 = 2*m - 5*g - 30. List the prime factors of m.
2, 5
Let s(n) = 19*n**2 + n + 1. Suppose t - 1 = 2*t. What are the prime factors of s(t)?
19
Let j(d) be the third derivative of -d**4/24 - 7*d**3/6 - 3*d**2. Let k be j(-10). Suppose -g - 2*w = -9, -6 + k = -g + 4*w. What are the prime factors of g?
7
Suppose 0*j + 3*j - 9 = 0. Let f = j - 0. Let v = -1 + f. List the prime factors of v.
2
Let c = 6 + 8. List the prime factors of 3*(c/2 - -2).
3
Suppose 36 = 4*v - 20. Suppose -117 = -v*l + 11*l. List the prime factors of l.
3, 13
Suppose y - 4 = -y. Suppose -7 = -y*o + 49. What are the prime factors of o?
2, 7
Let p be (1/(-3))/((-1)/9). Let z = 34 + -32. Suppose -z*h - 8 = -p*h. What are the prime factors of h?
2
Suppose 0 = -4*t + a + 19, -4*a - 32 = -2*t - 3*t. Suppose u + t*u = 20. Suppose -2*g = -u*i - 6 + 48, 0 = -3*i - g + 39. List the prime factors of i.
2, 3
Suppose 0 = 4*s - 11 - 9. Suppose -s*h + 2*a = a, 7 = 2*h + a. What are the prime factors of (-3*(h - 2))/1?
3
Let d(o) = 2*o**3 + 21*o**2 + 9*o + 5. Let y(s) = -s**3 - 10*s**2 - 4*s - 2. Let v(p) = 3*d(p) + 7*y(p). List the prime factors of v(-7).
2
Suppose -37 = -0*d - d + 5*l, -d + 29 = -l. What are the prime factors of d?
3
Let g = 7 + 6. List the prime factors of g.
13
Let n(g) = -g**2 - 10*g - 11. Suppose -4*b - 4 = -2*r + 26, 4*b + 28 = 4*r. List the prime factors of n(b).
5
Suppose -5*i = -5*q + 30, 2*q - 4*q + 24 = -5*i. Suppose j + 20 = -4*j, 2*g - 70 = q*j. What are the prime factors of g?
31
Let z = 13 - 24. Let i(w) = w**2 + 8*w - 15. List the prime factors of i(z).
2, 3
Suppose -5*w + 287 = -98. Let z = w + -44. What are the prime factors of z?
3, 11
Suppose 0 = -2*b + 4*d + 4 - 0, -4*b - 18 = 5*d. Let h be ((-4)/3)/(b/6). Let v = 7 - h. What are the prime factors of v?
3
Let w(t) = -t**2 + 2*t + 3. Let x be w(3). Suppose 3*q + x = 45. List the prime factors of q.
3, 5
Let v be (-249)/9 + (-4)/(-6). Let s = -9 - v. List the prime factors of s.
2, 3
Let o = -53 + 68. Let s(p) = p**3 + 5*p**2 - p - 1. Let i be s(-5). Suppose i*h - 17 - o = 0. List the prime factors of h.
2
Suppose 305 = -5*r - 5*b, 125 + 107 = -4*r + 2*b. Let x = r + 85. List the prime factors of x.
2, 13
Suppose -2*q = -v + 23 + 4, 3*q = -3*v + 54. What are the pri